**3 - 15*f**2 - 11*f. Let a(w) = 5*w**3 + 15*w**2 + 10*w - 1. Let u(n) = -3*a(n) - 4*t(n). Is u(-14) a prime number?
True
Let b = 19 + -8. Let s = -7 + b. Suppose -s*z + 120 + 52 = 0. Is z a composite number?
False
Let d(y) = -5*y + 3*y + 1 - 4. Let m be d(3). Is 6/m + 1486/6 composite?
True
Let p = 2366 + -1605. Is p a prime number?
True
Is (-1493)/(-13) - (0 - 2/13) a prime number?
False
Suppose -766 = -4*m + 910. Is m composite?
False
Let t = -5 - -7. Let u be t/(-3) + (-68)/(-12). Suppose -2*p + 186 = -u*k, -20 = 3*k + 2*k. Is p a composite number?
False
Let l = 355 + -144. Is l prime?
True
Let m = 11 + -6. Let d(x) = -49*x + 4. Let v(q) = -97*q + 7. Let p(n) = 11*d(n) - 6*v(n). Is p(m) a prime number?
False
Let x = -7 + 4. Let m(q) = -q**3 - 2*q**2 + 2*q - 4. Let a be m(x). Is 7 + -1 - 0 - a prime?
True
Let u = 2 + -1. Let v(r) = r**2 - r + 2. Let w be v(0). Suppose -w*q = u - 15. Is q composite?
False
Let f(i) = -4*i + 1. Let r be f(-1). Let t = r + 14. Suppose t = 3*v - 26. Is v prime?
False
Suppose -2*i + 104 = -162. Is i composite?
True
Let h(p) = p - 1. Let q be (-1)/2*6*-1. Let u be h(q). Suppose -u*i + 1055 = 3*i. Is i a composite number?
False
Let p(z) = 7*z**2 - 4. Let q be p(5). Let c = q - 305. Is ((-1)/(-2))/((-1)/c) a composite number?
False
Suppose l - 2*l = -59. Let r(s) = 7*s + 14. Let d be r(14). Let v = d - l. Is v a composite number?
False
Let v = -5 - -3. Is v/(-18)*-3*-561 composite?
True
Let a = -244 - -2307. Is a a prime number?
True
Let a(u) = -5*u - 12. Let k be a(-6). Suppose i + 13 = 70. Suppose i = v + k. Is v a prime number?
False
Let i = -20 - -47. Suppose 4 = -2*u, u - 48 + 11 = 3*c. Let p = i + c. Is p composite?
True
Suppose -913 = -5*f + 142. Suppose -f = 3*i - 4*m, -3*m - 64 = i + 2*m. Let r = i - -116. Is r a prime number?
True
Let n = 351 - 20. Is n prime?
True
Suppose 2*r + 2*r + v - 464 = 0, -3*v - 333 = -3*r. Suppose -4*q + r = -3*t, 0*q = 2*q - t - 59. Is q a composite number?
False
Let y(b) = 319*b + 11. Is y(2) prime?
False
Suppose 2*a - z - 4512 = 0, 2*a - 4516 = -2*z + z. Is a a prime number?
False
Let y be 16/(-24) - (-172)/(-3). Let k = y - -105. Is k a composite number?
False
Suppose -b + 1 = b - 3*h, -5*h + 5 = 0. Suppose -b*i = 2*m - 248 - 20, -5*i - 3*m = -668. Is i composite?
True
Is (758/3)/(10/15) composite?
False
Suppose -p + 4*f = -1931, -4*p + 0*f + 3*f + 7698 = 0. Is p composite?
True
Let m(x) = -x**2 - 8*x - 9. Let y be m(-6). Suppose -3*u + 4*f = -0*u - 125, 0 = y*u - 3*f - 120. Is u prime?
False
Let b(j) = 257*j**2. Is b(-1) a composite number?
False
Suppose -2*u + 3*u = 0. Suppose -3*t + 6 + 63 = u. Is t a composite number?
False
Let y be (-10)/(-6)*(5 + -2). Suppose y*k - 4*z = -0*k + 459, 0 = 5*k + 4*z - 491. Is k a composite number?
True
Let h(a) = a**2 + 5*a + 4. Let w be h(-4). Is (w + 2/(-4))*-226 a prime number?
True
Suppose -4*f = -f - 222. Is f composite?
True
Suppose 0 = -0*k + 3*k - 57. Let f be (-12)/(-8)*(k - 1). Is f - -2 - 2 - 1 composite?
True
Let t(m) = m**3 + 8*m**2 + m - 10. Let x be t(-7). Let s = 17 + x. Is s a prime number?
False
Suppose 0 = 4*h - 3*h - 4, 3*q = -h - 5. Let t be 3 - ((-3)/q - 59). Let p = -8 + t. Is p a prime number?
True
Let f(z) = -z - 6. Let k be f(0). Let d = k + 9. Suppose 165 = 2*n + d*n. Is n composite?
True
Let z(u) = 5*u - 1. Let d be z(1). Is (-5)/(-4)*(d + 88) prime?
False
Let r(j) = -2 - 117*j + 0 + 3. Let x be r(-1). Let s = x + -65. Is s composite?
False
Let k(v) = 7*v + 2. Let b be k(2). Let f = -14 + 7. Let u = b - f. Is u a composite number?
False
Suppose t + 5 = -3. Let q(a) = a**3 + 8*a**2 - 12*a - 5. Is q(t) prime?
False
Let t(a) = a - 8. Let k be t(8). Suppose -m + 4 = -k. Suppose -5*o + 10*o = 2*z - 5, 0 = 2*z + m*o - 50. Is z prime?
False
Let s(z) = -z - 5. Let r be s(11). Let u = r + 81. Is u prime?
False
Suppose 0 = 3*i + 38 - 1295. Is i composite?
False
Let j(k) be the third derivative of k**6/720 + k**5/120 + k**4/24 + k**2. Let b(l) be the second derivative of j(l). Is b(5) a composite number?
True
Suppose -24403 = -5*b - 738. Is b composite?
False
Suppose -4*o = -4*k - 740, 571 = 4*o - o + k. Suppose f = -2*a + 95, f + o = 4*a + 2*f. Is a a composite number?
False
Let p(c) = c**3 + 4*c**2 - c - 2. Let o be p(-4). Let h = 78 - 52. Suppose -a + 64 = 3*t - h, -t - 173 = -o*a. Is a a composite number?
True
Let h be 19/7 - 4/(-14). Suppose -3 = -r - h*o - 12, o + 3 = -2*r. Suppose -2*j + 106 = -r*j. Is j composite?
False
Let j(o) = -38*o + 6. Let t be j(-6). Suppose -4*d = 3*q - 190, 5*d - 7 = -2*q + t. Is d composite?
True
Let i be 2/(-8) - 3/4. Let k = i + -8. Is 176/3 - 3/k composite?
False
Let p = -647 - -964. Is p a composite number?
False
Let z = 1 - -23. Let y = z + 29. Is y prime?
True
Let w(r) = -r**3 + 3*r**2 + r - 3. Let k be w(3). Let b(q) = q + 409. Is b(k) composite?
False
Let r = -8 + 13. Suppose r*q - 2*l = 21, 3*q - 8 - 9 = -l. Is (-2)/(-20)*166*q a prime number?
True
Suppose 2*r - 77 = 5*z, r - 22 = -3*z - 0*z. Is r a prime number?
True
Let q(z) = -z**2 + 3*z + 7. Let y be q(5). Let b(j) = 23*j**2 - j - 1. Is b(y) a prime number?
False
Let q = 93 - 48. Suppose 5*s + 0*z - 47 = 3*z, 5*z = 5*s - q. Is s a prime number?
False
Let t(r) = -r**3 - 5*r**2 - 3*r - 1. Let f be t(-3). Suppose 6*m - 2*m = -76. Let c = f - m. Is c composite?
True
Suppose -3*a - 2*s = 2*a + 2, 4*s + 4 = -5*a. Suppose a = -0*x + x. Suppose 4*g - 56 - 588 = x. Is g composite?
True
Suppose -4*m = -12, 5*v = -4*m + 11 + 41. Let h be 2/v + (-1)/4. Suppose h = 2*w - l + 4*l - 110, -2*w = -2*l - 110. Is w prime?
False
Let w(a) = -a**3 + 8*a**2 - a + 2. Let t(y) = -y**3 + 7*y**2 - y + 2. Let s(x) = -3*t(x) + 2*w(x). Let j be s(5). Is (3 + 0)*37/j prime?
True
Suppose -4 = n - 1. Let r be (n - 0)*5*-5. Suppose c = -5*y + 104, -c - 3*y + 35 = -r. Is c composite?
True
Let w = 9 - -6. Suppose 5*j - 5*y - w = 0, 6 = j - 4*y - 3. Is (-254)/(j - (0 - -3)) a prime number?
True
Suppose -5*y = -4*a - 4401, 4*y - 1010 - 2510 = 3*a. Is y a composite number?
False
Let o be 2 + -3 - 3/(-3). Suppose -2*l = -5*w + 397 + 1332, o = -4*w + 3*l + 1379. Is w prime?
True
Suppose 0*r = r - 553. Is r composite?
True
Suppose 0 = 4*i + 78 - 346. Is i composite?
False
Let w = 449 + -293. Suppose -3*r + r = -w. Let k = r - 47. Is k a prime number?
True
Suppose -5*y - 5*j + 25 = 0, -46 = -y + 5*j - 17. Suppose -2*k - 4 = 0, v - 4*k + 1 - y = 0. Is (37 - -1) + (-1 - v) a prime number?
True
Let d(o) = -17*o**3 - 3*o**2 + 3*o - 1. Let l be d(-3). Let j = l + -199. Is j prime?
True
Let l be 2/((-6)/(-3)) + -1. Suppose -3*z + 1 + 8 = l. Suppose -3*b = -m - 0*m + 59, -5*m = -z*b - 319. Is m composite?
True
Let u(p) = -66*p + 4. Let w be u(-5). Suppose -4*g - 769 = -5*d, 2*d - 5*g + w = 4*d. Is d a composite number?
False
Suppose 11 = 4*c - 3*r, 0 = -4*c + 5*r + 5 - 0. Suppose -q + 119 = 2*k + 2*q, -q = -c*k + 340. Is k a prime number?
True
Is (6/2 + -4)*-379 a composite number?
False
Suppose 4*s - 2 = 6. Suppose s*u + 0*u + 2 = 0. Let m(p) = 78*p**2 - 1. Is m(u) composite?
True
Suppose -2*f + 407 + 123 = 0. Is f a composite number?
True
Let n be 870/27 + (-4)/18. Let s be n/(-20)*5/(-1). Suppose -2*z = 2 - s. Is z a composite number?
False
Suppose 226 = -2*c + 4*c. Suppose 3*i + 12 = 0, -2*h - 3*h - 4*i = -959. Suppose 4*w = h + c. Is w a prime number?
False
Suppose 3*u - 2*u = 4. Suppose -20 + 115 = u*m - 3*i, 0 = -5*i - 5. Let p = m - -36. Is p composite?
False
Let q(i) = -i. Let z be q(0). Let l(u) = 2*u + 1. Let s be l(7). Suppose -s = -m - z. Is m a prime number?
False
Let x(u) = -u**2 + 8. Let j be x(0). Let c be (4/j)/((-1)/(-8)). Suppose -5*v = -5*n - 300, -2*n - 241 = -c*v + 3*n. Is v prime?
True
Let z(g) = g**2 - 8*g + 5. Suppose -3*f = -f. Suppose -5*d + f*d = -45. Is z(d) prime?
False
Let l(j) be the second derivative of 18*j**4 - j**3/6 - j. Is l(-1) a prime number?
False
Let n(w) = -w**2 + w + 6. Let b be n(0). Is 51/2 + 3/b a composite number?
True
Let r = -9 - -13. Suppose 2*a + r*l - 270 = 0, -a + 2*a + 5*l - 120 = 0. Is a a composite number?
True
Let k(p) be the first derivative of p**4/4 - 11*p**3/3 + 7*p**2 - 3*p + 4. Is k(10) prime?
True
Let c(n) = -104*n + 25. Is c(-14) prime?
True
Suppose -2*u + 4 = -2*a - 16, 4*u - 5*a - 37 = 0. Is u composit